{"id":310,"date":"2020-11-06T00:07:03","date_gmt":"2020-11-05T22:07:03","guid":{"rendered":"https:\/\/prelucram.ro\/?post_type=product&#038;p=310"},"modified":"2022-07-06T11:35:14","modified_gmt":"2022-07-06T08:35:14","slug":"tablou-personalizat-cu-fotografie","status":"publish","type":"product","link":"https:\/\/prelucram.ro\/index.php\/product\/tablou-personalizat-cu-fotografie\/","title":{"rendered":"Tablou personalizat cu fotografie"},"content":{"rendered":"<p>La \u00eenceput aveam o plac\u0103 de lemn \u0219i o comand\u0103 ce p\u0103rea imposibil de realizat: <strong><em>\u201e M\u0103 g\u00e2ndeam s\u0103 \u00eei fac cadou so\u021biei mele un tablou cu acest citat \u0219i o poz\u0103 din ziua nun\u021bii noastre&#8230; cred c\u0103 \u00eel iube\u0219te pe Shakespeare mai mult dec\u00e2t pe mine. Nu am chiar o idee clar\u0103, m\u0103 pute\u021bi ajuta? \u201d\u00a0<\/em><\/strong><\/p>\n<p>Ne dorim s\u0103 p\u0103str\u0103m discre\u021bia cu privire la clien\u021bii no\u0219tri, dar v\u0103 putem spune c\u0103 so\u021bia a fost foarte \u00eenc\u00e2ntat\u0103 \u0219i au avut o aniversare frumoas\u0103.<\/p>\n","protected":false},"excerpt":{"rendered":"<p>Tabloul este format dintr-o singur\u0103 pies\u0103, prelucrat\u0103 din lemn masiv.<\/p>\n<p>La cererea clientului putem ad\u0103uga: mesaj diferit, personalizat, fotografie la alegere, sticl\u0103 protec\u021bie.<\/p>\n<p>Daca vrei alt mesaj, scrie-l in casuta de mai jos. Dupa ce faci comanda te vom contacta oricum pentru a ne asigura de toate detaliile.<\/p>\n","protected":false},"featured_media":334,"template":"","meta":{"_monsterinsights_skip_tracking":false,"_monsterinsights_sitenote_active":false,"_monsterinsights_sitenote_note":"","_monsterinsights_sitenote_category":0},"product_brand":[],"product_cat":[18],"product_tag":[],"class_list":{"0":"post-310","1":"product","2":"type-product","3":"status-publish","4":"has-post-thumbnail","6":"product_cat-cadouri-personalizate-din-lemn","8":"first","9":"instock","10":"shipping-taxable","11":"product-type-simple"},"_links":{"self":[{"href":"https:\/\/prelucram.ro\/index.php\/wp-json\/wp\/v2\/product\/310","targetHints":{"allow":["GET"]}}],"collection":[{"href":"https:\/\/prelucram.ro\/index.php\/wp-json\/wp\/v2\/product"}],"about":[{"href":"https:\/\/prelucram.ro\/index.php\/wp-json\/wp\/v2\/types\/product"}],"wp:featuredmedia":[{"embeddable":true,"href":"https:\/\/prelucram.ro\/index.php\/wp-json\/wp\/v2\/media\/334"}],"wp:attachment":[{"href":"https:\/\/prelucram.ro\/index.php\/wp-json\/wp\/v2\/media?parent=310"}],"wp:term":[{"taxonomy":"product_brand","embeddable":true,"href":"https:\/\/prelucram.ro\/index.php\/wp-json\/wp\/v2\/product_brand?post=310"},{"taxonomy":"product_cat","embeddable":true,"href":"https:\/\/prelucram.ro\/index.php\/wp-json\/wp\/v2\/product_cat?post=310"},{"taxonomy":"product_tag","embeddable":true,"href":"https:\/\/prelucram.ro\/index.php\/wp-json\/wp\/v2\/product_tag?post=310"}],"curies":[{"name":"wp","href":"https:\/\/api.w.org\/{rel}","templated":true}]}}